
Calculate 11 + 3 + -13 + (-5 + -2 - -15).
9
What is 26 - (24 - (-24 + 6))?
-16
Calculate (-2 - 4) + 3 + -2 + -3.
-8
Calculate 13 + 6 - (-21 + 17 + -1).
24
What is the value of 33 - 25 - ((-1 - -2) + 14)?
-7
Calculate (5 - -1 - 13) + 21.
14
(19 - (-3 + 31)) + (-5 - 0)
-14
Evaluate 105 + -63 - 66 - (5 + 1).
-30
-1 - (10 - (-1 + 6 - (93 - 90)))
-9
13 + (63 - 72 - (0 + 8))
-4
Evaluate (7 - (2 + 8)) + -1.
-4
Calculate 17 - (-23 - -16 - -23).
1
Evaluate 4 - 0 - 3 - 10 - (95 + -124).
20
What is the value of (3 - 3) + -19 - -7?
-12
-6 + (-2 - (1 + -1))
-8
Calculate 6 + -10 + 3 - (1 - 1) - 5.
-6
-2 + (-6 - (0 + 2 + -6) - 1)
-5
(29 - 56) + 14 + 1 + -8
-20
What is the value of 1 + 7 + -2 + 3?
9
(18 - (0 - 0)) + (0 - (46 - 39))
11
Calculate 0 + 23 + -12 + 4 - -6.
21
-30 - -3 - (-13 + 4 - -4)
-22
Calculate 464 + -461 - (1 + (0 - 0) + 12).
-10
Calculate 26 - 13 - (-5 + 3) - -9.
24
Evaluate 6 - (-9 + 25 + -6 + 2).
-6
11 - (9 - (-14 - -9) - 16)
13
Calculate -22 - ((-52 - -16) + 18).
-4
Calculate 6 + 7 + (8 - (32 - -3)).
-14
Calculate 8 - 1 - (7 + (9 - 6) - 16).
13
-4 + 5 + 7 - (48 + (11 - 21))
-30
Calculate 2 - 7 - ((-2 - -1) + 0).
-4
Calculate -15 + 0 - -22 - (-2 - -3).
6
Evaluate (17 - 7 - 5 - -5) + -9.
1
(9 - 0) + (51 - 34 - 1)
25
What is (-3 - (-19 + 1)) + -28 + 20?
7
What is the value of (-3 - -9) + 1 + (-1 + -9 - -12)?
9
-26 - (37 - 48) - (1 - -10)
-26
What is 7 - (-5 + 4 + 7 + -21 + 22)?
0
Evaluate 4 - 0 - (38 + (-12 - 27)).
5
Calculate 21 + -17 - (9 - (0 - 5)).
-10
Calculate -2 + (-7 - -7 - 7) - (-16 + 12).
-5
0 + -3 + 9 - (-71 - -43 - -56)
-22
What is the value of (30 - 21) + 21 - 25?
5
What is 26 - ((-90 - -105) + (-1 - 15))?
27
Evaluate 0 + -10 + (349 - 351).
-12
Evaluate -19 - 9 - (-159 - -112).
19
0 - -15 - (-11 + -11 - -30)
7
What is 20 - (-2 + 26 - 8)?
4
(-13 - 7) + 12 - (-5 - 0)
-3
Calculate 1 - 19 - (-11 + 0 + 19 + -7).
-19
Calculate (41 - 31) + -8 + -8.
-6
What is -7 + 5 - (-9 - (-4 - 3))?
0
What is the value of -24 + (0 - -1) + 4 + 11 + -12?
-20
Calculate 242 + -246 - (-30 - (-3 + 2)).
25
Calculate 76 + (-29 - 24) + (-1 - 5).
17
Evaluate -1 - -2 - 2 - (25 + -28 + -8).
10
-6 + (-6 - 8) - (21 + -35)
-6
What is -1 + 2 + 2 - (-12 + 38 + 3)?
-26
Evaluate 148 + -144 - (-7 + 2).
9
What is the value of -212 + 219 - (1 - 1 - 2 - -2)?
7
Evaluate 9 - (-4 + -20 - -18).
15
Evaluate 3 - (20 + -3 + -22).
8
What is the value of 5 + (29 - 15) - (8 - 0)?
11
What is the value of 30 + -1 + -9 + -38?
-18
Calculate -7 - (-23 - 17) - 46.
-13
Evaluate (-10 - (7 + -6 - 0)) + 38.
27
What is the value of -3 + -18 + 1 + 2 - (419 - 427)?
-10
What is -33 - (-54 + 53 - (4 + -1 - -6))?
-23
11 + 0 + (-121 - -111)
1
Evaluate (101 - 110) + (12 - (-3 + 3)).
3
Calculate 1 - 12 - (-3 + 5 - 9).
-4
Evaluate 4 - (-3 + 0) - (-7 + 13 + -3).
4
-2 + 4 - (3 - -1 - (14 - 4))
8
What is 9 + (-3 + 7 - -1)?
14
What is the value of 86 + -71 + 1 + 4 + (3 - 4)?
19
(-14 + -1 - -28) + (-5 - -1)
9
What is (6 - (-3 - (-14 + -2) - 3)) + 3?
-1
Evaluate 0 - (-5 - -3) - (-6 + 20 - 8).
-4
What is the value of 0 + -23 + (-14 - -28) + (0 - -6)?
-3
Evaluate (-24 - 2) + (-14 - -15 - (-21 + 14)).
-18
(20 - 7 - 22) + 22
13
Calculate ((12 - 41) + 11 + -2 - -10) + 38.
28
Evaluate (-66 - -60) + -3 + 0 + 25.
16
Calculate (-88 - -104) + (-25 - 0).
-9
What is 0 + (-36 - -6) - (-18 + (22 - 8))?
-26
What is the value of (5 - (-2 - -19) - -11) + -18?
-19
Calculate -7 + 2 + 2 + 3 + 6 + -7.
-1
What is the value of (-18 - (-11 + -4)) + 4 + -10?
-9
13 - (-1 + 45 - 14)
-17
Evaluate -51 + 61 - (-1 - (-3 + 2)).
10
Calculate -7 + -18 + 1 + 9 + (1 - 2).
-16
Evaluate (2 - (3 - 2)) + 36 + -18 + -5.
14
What is -62 + 39 + (35 - -4)?
16
3 + (-14 - (1 + -5 + 5))
-12
Evaluate (-8 + 0 - -16 - 18) + 2.
-8
What is 7 + (0 - 4) + 6 - (-1 - -1)?
9
What is 402 + -411 - (-3 + -4)?
-2
Evaluate -2 + 9 + 17 + -37.
-13
-2 + 0 - (185 - 201)
14
What is the value of 1 - -4 - (39 - (2 + 11))?
-21
Evaluate -42 + (6 - 2) + -5 - (-5 + -4).
-34
Calculate -2 + -1 + 9 - (-31 + 17 + 11).
9
What is the value of 8 - (2 + (13 + -7 - -30))?
-30
Evaluate -7 - (-38 + 61 + -5).
-25
Calculate -1 - 22 - (108 + -147).
16
45 + (14 - 29 - 12)
18
3 + ((10 - 3) + -26 - -7)
-9
Evaluate -3 - (6 + ((1 - -11) + -2 - 7)).
-12
Evaluate -38 + 35 + (-7 - -1) - (15 - 52).
28
What is the value of -7 - (1 - 3) - (-42 + 48)?
-11
What is the value of 8 - (14 + (-7 - 0) - -10)?
-9
What is the value of -31 + 14 + 8 - -8 - 1?
-2
40 + -45 - (-1 - -2 - (0 + 3))
-3
What is -18 - (-6 - (-4 - (0 + -2) - -3))?
-11
What is -6 - -3 - (-14 + 7)?
4
What is 98 + -86 - (19 + -2)?
-5
Evaluate -2 - (-4 - -12) - (3 + -8 + 0).
-5
What is -23 - ((-22 - 4) + 30)?
-27
What is -3 + 16 - ((23 - 16) + 1)?
5
What is the value of -8 + 0 - (186 + -193)?
-1
What is -15 + -9 + (-1 - -3) + 2 + 5?
-15
Calculate (-2 - -8) + -12 + (-6 - -19).
7
Evaluate -1 + -1 + (-137 - -141 - (0 - -12)).
-10
Calculate -29 + -4 + 40 - (2 - -1) - 5.
-1
Calculate -15 - (14 + -30 - -6).
-5
What is the value of 20 + (-15 - 12) + 8?
1
What is 110 - 102 - (16 - 6)?
-2
Calculate (0 - 12) + (-36 - (-73 - -37)).
-12
Evaluate -216 + 217 + (-1 - -1).
1
Calculate -2 + 10 - 9 - 9 - 10.
-20
Evaluate 10 - (7 + 2 + -8).
9
(0 - -25) + (30 - (36 + 13))
6
-5 + (-1 - -1) - (-4 + 1)
-2
What is (3 - (-36 + 47)) + (-2 - -1 - -11)?
2
14 + (-26 - 2) + 2
-12
What is -3 - 21 - (-2 - 0) - (-64 + 59)?
-17
Evaluate (22 - 8) + (8 - 15) - (-10 - 1).
18
What is the value of -3 + (0 - -10) - (4 + 1) - -11?
13
Calculate -15 + (-4 - -3 - -3) + 6.
-7
What is -5 + 24 + -41 + 6?
-16
What is (498 - 487 - (0 - -16)) + -2 + -2?
-9
What is the value of (-2 - 1) + (1 - 14) + 15?
-1
What is (-1 - (0 - 6)) + -575 + 563?
-7
What is 82 + -91 + 12 + 1 - (0 - 1)?
5
0 + -28 - (-79 + 131 - 41)
-39
What is the value of (-1 - -18) + 11 + -5 + -32 + 23?
14
(0 - -17) + -23 + (10 - -9)
13
-1 + 5 + -18 - -8
-6
Calculate ((6 - 19) + 8 - -5) + (-3 - 0).
-3
Evaluate (-18 - -19) + 16 - 5.
12
-33 - (-6 - -2) - (-16 + 23 - 14)
-22
Calculate (-104 - -105) + (1 - 2) - (39 - 9).
-30
Calculate (-1 - -13) + (10 - (64 - 23)).
-19
What is 0 - 5 - (46 + -25 + -11)?
-15
Calculate 0 + (-10 - (3 + -5)) - 1.
-9
What is the value of (1 - 29 - (17 + -19)) + (-57 - -63)?
-20
Evaluate 0 + (0 - -1) - (30 + -70 - -24).
17
What is the value of 16 - (14 + -7 + -11 + 14)?
6
Evaluate (-4 - (-7 + 11)) + -2 + 12.
2
Calculate (2 - (1 - 3)) + (-213 - -187) - -4.
-18
-280 + 291 + (1 - -1)
13
What is the value of (-6 + 14 - 17) + 15 + -21?
-15
Calculate (64 - 72) + (2 - (-12 - (-2 - 3))).
1
What is the value of -11 - 2 - (122 + -124)?
-11
What is the value of 20 + -11 + -18 + (-3 - 4 - -11)?
-5
Calculate (-4 + 0 - (4 - 7)) + 2 + 4.
5
Evaluate 36 - (-14 - ((10 - 10) + -29)).
21
What is the value of (11 - (-4 - -24)) + (-5 - -5 - 23)?
-32
What is the value of (-5 + -3 - -9) + (-22 - (-1 - 4))?
-16
Evaluate -10 + 11 + -13 + 16.
4
What is the value of -33 + 16 + (6 + -2 - (2 + 8))?
-23
6 + 1 + 0 + 2 + -9
0
Evaluate (16 - 1) + (-7 - 1).
7
(19 - -32) + -57 + (1 + 1 - 0)
-4
Evaluate 8 + (2 - 1) - (-338 + 351).
-4
Calculate (-2 - -14) + (-1 - -5).
16
Calculate 9 + -11 - (0 - (-1 - -4 - 14)).
-13
Calculate (-267 - -254) + (2 - 3).
-14
Evaluate -7 - -15 - ((9 - 4) + 11).
-8
What is the value of -17 + -210 + 227 + (7 - 1)?
6
Calculate 0 + 7 + -2 + -6 - (-6 - 2).
7
39 - (-417 - -428 - (0 - -3))
31
What is 0 - (7 + 7 - 27)?
13
Calculate (6 - -1) + -2 - (5 - -11).
-11
What is 7 + (-9 - -14 - (-1 - -7) - 19)?
-13
What is the value of 5 + 1 - -1 - (-19 + -28 + 50)?
4
What is 23 - 2 - 22 - -26?
25
792 - 788 - (17 - 2)
-11
What is the value of 16 - (-12 - (-19 - -5))?
14
370 + -374 - (-3 + 11)
-12
Calculate (-9 - (-4 - -13)) + 19.
1
Calculate 7 + (7 - 4 - 13 - (-28 + 23)).
2
Calculate 8 + -3 + -4 - (138 - 150).
13
What is the value of (-5 + -1 - (1 - 3)) + 511 + -503?
4
Evaluate 3 - (6 - (23 + -12)).
8
Calculate (-8 - (-9 - (-2 + 1))) + 13.
13
What is 7 + 2 + -6 + -4 + -3?
-4
What is the value of 3 + (-2 - -3) + -8 + -4 + 20?
12
70 - 44 - 28 - (8 + 1)
-11
Calculate 13 + (14 - 24) - 0.
3
What is (19 - 31) + 10 + 32 + -7?
23
What is the value of 30 + -32 + -3 + 8?
3
What is the value of -83 - -87 - (8 - -3)?
-7
What is 2 + (-14 + -1 - ((14 - 20) + 9))?
-16
11 - (-16 - -29 - 0)
-2
(23 - 24) + 0 + 4 + -16
-13
11 - (14 + -21 - (5 + -17))